{"id":2,"date":"2016-03-27T11:27:57","date_gmt":"2016-03-27T11:27:57","guid":{"rendered":"http:\/\/www.wobalinde.ch\/?page_id=2"},"modified":"2023-06-21T12:38:24","modified_gmt":"2023-06-21T10:38:24","slug":"about","status":"publish","type":"page","link":"https:\/\/www.wobalinde.ch\/","title":{"rendered":"Wohnbaugenossenschaft Linde"},"content":{"rendered":"<h3><span style=\"color: #5ea845;\">Herzlich willkommen bei der Wohnbaugenossenschaft (WOBA) Linde Steckborn&nbsp;<\/span><\/h3>\n<p>Die Wohnbaugenossenschaft Linde WOBA verfolgt den Zweck preisg\u00fcnstige Wohnungen und Gewerberaum mit orts\u00fcblichen Mieten zu bauen und zu erhalten. Sie ist bestrebt in Steckborn Wohnraum f\u00fcr alle Bev\u00f6lkerungskreise anzubieten, insbesondere f\u00fcr altersdurchmischtes Wohnen.<\/p>\n<p>In unten stehender Brosch\u00fcre k\u00f6nnen Sie mehr \u00fcber die WOBA Linde erfahren.<\/p>\n<p><span style=\"color: #5ea845;\"><a style=\"color: #5ea845;\" href=\"https:\/\/www.wobalinde.ch\/wp-content\/uploads\/2020\/10\/Broschuere-WOBA-definitiv-mit-neuer-Adresse-31.10.2020.pdf\" target=\"_blank\" rel=\"noopener\">Brosch\u00fcre WOBA definitiv&nbsp;<\/a><\/span><\/p>\n","protected":false},"excerpt":{"rendered":"<p>Herzlich willkommen bei der Wohnbaugenossenschaft (WOBA) Linde Steckborn&nbsp; Die Wohnbaugenossenschaft Linde WOBA verfolgt den Zweck preisg\u00fcnstige Wohnungen und Gewerberaum mit orts\u00fcblichen Mieten zu bauen und zu erhalten. Sie ist bestrebt in Steckborn Wohnraum f\u00fcr alle Bev\u00f6lkerungskreise anzubieten, insbesondere f\u00fcr altersdurchmischtes Wohnen. In unten stehender Brosch\u00fcre k\u00f6nnen Sie mehr \u00fcber die WOBA Linde erfahren. Brosch\u00fcre WOBA &hellip; <a href=\"https:\/\/www.wobalinde.ch\/\" class=\"more-link\"><span class=\"screen-reader-text\">Wohnbaugenossenschaft Linde<\/span> weiterlesen <span class=\"meta-nav\">&rarr;<\/span><\/a><\/p>\n","protected":false},"author":1,"featured_media":1617,"parent":0,"menu_order":0,"comment_status":"closed","ping_status":"closed","template":"","meta":{"ngg_post_thumbnail":0,"_price":"","_stock":"","_tribe_ticket_header":"","_tribe_default_ticket_provider":"","_tribe_ticket_capacity":"0","_ticket_start_date":"","_ticket_end_date":"","_tribe_ticket_show_description":"","_tribe_ticket_show_not_going":false,"_tribe_ticket_use_global_stock":"","_tribe_ticket_global_stock_level":"","_global_stock_mode":"","_global_stock_cap":"","_tribe_rsvp_for_event":"","_tribe_ticket_going_count":"","_tribe_ticket_not_going_count":"","_tribe_tickets_list":"[]","_tribe_ticket_has_attendee_info_fields":false,"footnotes":"","_tec_slr_enabled":"","_tec_slr_layout":""},"class_list":["post-2","page","type-page","status-publish","has-post-thumbnail","hentry"],"ticketed":false,"_links":{"self":[{"href":"https:\/\/www.wobalinde.ch\/index.php?rest_route=\/wp\/v2\/pages\/2","targetHints":{"allow":["GET"]}}],"collection":[{"href":"https:\/\/www.wobalinde.ch\/index.php?rest_route=\/wp\/v2\/pages"}],"about":[{"href":"https:\/\/www.wobalinde.ch\/index.php?rest_route=\/wp\/v2\/types\/page"}],"author":[{"embeddable":true,"href":"https:\/\/www.wobalinde.ch\/index.php?rest_route=\/wp\/v2\/users\/1"}],"replies":[{"embeddable":true,"href":"https:\/\/www.wobalinde.ch\/index.php?rest_route=%2Fwp%2Fv2%2Fcomments&post=2"}],"version-history":[{"count":25,"href":"https:\/\/www.wobalinde.ch\/index.php?rest_route=\/wp\/v2\/pages\/2\/revisions"}],"predecessor-version":[{"id":1644,"href":"https:\/\/www.wobalinde.ch\/index.php?rest_route=\/wp\/v2\/pages\/2\/revisions\/1644"}],"wp:featuredmedia":[{"embeddable":true,"href":"https:\/\/www.wobalinde.ch\/index.php?rest_route=\/wp\/v2\/media\/1617"}],"wp:attachment":[{"href":"https:\/\/www.wobalinde.ch\/index.php?rest_route=%2Fwp%2Fv2%2Fmedia&parent=2"}],"curies":[{"name":"wp","href":"https:\/\/api.w.org\/{rel}","templated":true}]}}